{"id":68,"date":"2018-09-26T15:44:01","date_gmt":"2018-09-26T13:44:01","guid":{"rendered":"http:\/\/176.107.130.230\/?page_id=68"},"modified":"2018-10-09T17:18:22","modified_gmt":"2018-10-09T15:18:22","slug":"customers","status":"publish","type":"page","link":"https:\/\/www.iot4industry.cloud\/index.php\/en\/customers\/","title":{"rendered":"Customers"},"content":{"rendered":"<div id=\"pl-68\"  class=\"panel-layout\" ><div id=\"pg-68-0\"  class=\"panel-grid panel-no-style\" ><div id=\"pgc-68-0-0\"  class=\"panel-grid-cell\" ><div id=\"panel-68-0-0-0\" class=\"so-panel widget widget_sow-editor panel-first-child panel-last-child\" data-index=\"0\" ><div\n\t\t\t\n\t\t\tclass=\"so-widget-sow-editor so-widget-sow-editor-base\"\n\t\t\t\n\t\t>\n<div class=\"siteorigin-widget-tinymce textwidget\">\n\t<h2 style=\"text-align: center;\">Customers<\/h2>\n<p style=\"text-align: center;\">We develop solutions for small, medium and large companies that believe in innovation to be more competitive on the market<\/p>\n<\/div>\n<\/div><\/div><\/div><\/div><div id=\"pg-68-1\"  class=\"panel-grid panel-no-style\" ><div id=\"pgc-68-1-0\"  class=\"panel-grid-cell\" ><div id=\"panel-68-1-0-0\" class=\"so-panel widget widget_sow-editor panel-first-child\" data-index=\"1\" ><div\n\t\t\t\n\t\t\tclass=\"so-widget-sow-editor so-widget-sow-editor-base\"\n\t\t\t\n\t\t>\n<div class=\"siteorigin-widget-tinymce textwidget\">\n\t<h4 style=\"text-align: center;\">Industry sectors<\/h4>\n<\/div>\n<\/div><\/div><div id=\"panel-68-1-0-1\" class=\"so-panel widget widget_sow-image-grid panel-last-child\" data-index=\"2\" ><div\n\t\t\t\n\t\t\tclass=\"so-widget-sow-image-grid so-widget-sow-image-grid-default-ef54e2374789-68\"\n\t\t\t\n\t\t>\t<div\n\t\tclass=\"sow-image-grid-wrapper\"\n\t\t\t\t\t>\n\t\t\t\t\t<div class=\"sow-image-grid-image\">\n\t\t\t\t\t\t\t\t\t\t\t\t<img loading=\"lazy\" decoding=\"async\" width=\"290\" height=\"125\" src=\"https:\/\/www.iot4industry.cloud\/wp-content\/uploads\/2018\/10\/IoT4IndustryEN_settore_alimentare.jpg\" class=\"sow-image-grid-image_html\" alt=\"\" title=\"Food\" \/>\t\t\t\t\t\t\t\t\t\t\t<\/div>\n\t\t\t\t\t<div class=\"sow-image-grid-image\">\n\t\t\t\t\t\t\t\t\t\t\t\t<img loading=\"lazy\" decoding=\"async\" width=\"290\" height=\"125\" src=\"https:\/\/www.iot4industry.cloud\/wp-content\/uploads\/2018\/10\/IoT4IndustryEN_automotive.jpg\" class=\"sow-image-grid-image_html\" alt=\"\" title=\"Automotive\" \/>\t\t\t\t\t\t\t\t\t\t\t<\/div>\n\t\t\t\t\t<div class=\"sow-image-grid-image\">\n\t\t\t\t\t\t\t\t\t\t\t\t<img loading=\"lazy\" decoding=\"async\" width=\"290\" height=\"125\" src=\"https:\/\/www.iot4industry.cloud\/wp-content\/uploads\/2018\/10\/IoT4IndustryEN_rubinetterie.jpg\" class=\"sow-image-grid-image_html\" alt=\"\" title=\"Tap Fittings\" \/>\t\t\t\t\t\t\t\t\t\t\t<\/div>\n\t\t\t\t\t<div class=\"sow-image-grid-image\">\n\t\t\t\t\t\t\t\t\t\t\t\t<img loading=\"lazy\" decoding=\"async\" width=\"290\" height=\"125\" src=\"https:\/\/www.iot4industry.cloud\/wp-content\/uploads\/2018\/10\/IoT4IndustryEN_plasticagomma.jpg\" class=\"sow-image-grid-image_html\" alt=\"\" title=\"Plastic &amp; Rubber\" \/>\t\t\t\t\t\t\t\t\t\t\t<\/div>\n\t\t\t\t\t<div class=\"sow-image-grid-image\">\n\t\t\t\t\t\t\t\t\t\t\t\t<img loading=\"lazy\" decoding=\"async\" width=\"290\" height=\"125\" src=\"https:\/\/www.iot4industry.cloud\/wp-content\/uploads\/2018\/10\/IoT4IndustryEN_elettronico.jpg\" class=\"sow-image-grid-image_html\" alt=\"\" title=\"Electronic\" \/>\t\t\t\t\t\t\t\t\t\t\t<\/div>\n\t\t\t\t\t<div class=\"sow-image-grid-image\">\n\t\t\t\t\t\t\t\t\t\t\t\t<img loading=\"lazy\" decoding=\"async\" width=\"290\" height=\"125\" src=\"https:\/\/www.iot4industry.cloud\/wp-content\/uploads\/2018\/10\/IoT4Industry_settore_aeronautico-1.jpg\" class=\"sow-image-grid-image_html\" alt=\"\" title=\"Aeronautic\" \/>\t\t\t\t\t\t\t\t\t\t\t<\/div>\n\t\t\t\t\t<div class=\"sow-image-grid-image\">\n\t\t\t\t\t\t\t\t\t\t\t\t<img loading=\"lazy\" decoding=\"async\" width=\"290\" height=\"125\" src=\"https:\/\/www.iot4industry.cloud\/wp-content\/uploads\/2018\/10\/IoT4Industry_settore_navale-1.jpg\" class=\"sow-image-grid-image_html\" alt=\"\" title=\"Boat furniture\" \/>\t\t\t\t\t\t\t\t\t\t\t<\/div>\n\t\t\t\t\t<div class=\"sow-image-grid-image\">\n\t\t\t\t\t\t\t\t\t\t\t\t<img loading=\"lazy\" decoding=\"async\" width=\"290\" height=\"125\" src=\"https:\/\/www.iot4industry.cloud\/wp-content\/uploads\/2018\/10\/IoT4IndustryEN_Vetro.jpg\" class=\"sow-image-grid-image_html\" alt=\"\" title=\"Glass manufacturing\" \/>\t\t\t\t\t\t\t\t\t\t\t<\/div>\n\t\t\t\t\t<div class=\"sow-image-grid-image\">\n\t\t\t\t\t\t\t\t\t\t\t\t<img loading=\"lazy\" decoding=\"async\" width=\"290\" height=\"125\" src=\"https:\/\/www.iot4industry.cloud\/wp-content\/uploads\/2018\/10\/IoT4IndustryEN_metalli.jpg\" class=\"sow-image-grid-image_html\" alt=\"\" title=\"Metal manufacturing\" \/>\t\t\t\t\t\t\t\t\t\t\t<\/div>\n\t\t\t\t\t<div class=\"sow-image-grid-image\">\n\t\t\t\t\t\t\t\t\t\t\t\t<img loading=\"lazy\" decoding=\"async\" width=\"290\" height=\"125\" src=\"https:\/\/www.iot4industry.cloud\/wp-content\/uploads\/2018\/10\/IoT4IndustryEN_settore_prototipazione.jpg\" class=\"sow-image-grid-image_html\" alt=\"\" title=\"Prototyping\" \/>\t\t\t\t\t\t\t\t\t\t\t<\/div>\n\t\t\t\t\t<div class=\"sow-image-grid-image\">\n\t\t\t\t\t\t\t\t\t\t\t\t<img loading=\"lazy\" decoding=\"async\" width=\"290\" height=\"125\" src=\"https:\/\/www.iot4industry.cloud\/wp-content\/uploads\/2018\/10\/IoT4IndustryEN_settore_edilizia.jpg\" class=\"sow-image-grid-image_html\" alt=\"\" title=\"Building\" \/>\t\t\t\t\t\t\t\t\t\t\t<\/div>\n\t\t\t\t\t<div class=\"sow-image-grid-image\">\n\t\t\t\t\t\t\t\t\t\t\t\t<img loading=\"lazy\" decoding=\"async\" width=\"290\" height=\"125\" src=\"https:\/\/www.iot4industry.cloud\/wp-content\/uploads\/2018\/10\/IoT4IndustryEN_settore_orafo.jpg\" class=\"sow-image-grid-image_html\" alt=\"\" title=\"Jewellery\" \/>\t\t\t\t\t\t\t\t\t\t\t<\/div>\n\t\t\t\t\t<div class=\"sow-image-grid-image\">\n\t\t\t\t\t\t\t\t\t\t\t\t<img loading=\"lazy\" decoding=\"async\" width=\"588\" height=\"125\" src=\"https:\/\/www.iot4industry.cloud\/wp-content\/uploads\/2018\/10\/IoT4IndustryEN_meccanica-di-precisione.jpg\" class=\"sow-image-grid-image_html\" alt=\"\" title=\"Precision Engineering\" srcset=\"https:\/\/www.iot4industry.cloud\/wp-content\/uploads\/2018\/10\/IoT4IndustryEN_meccanica-di-precisione.jpg 588w, https:\/\/www.iot4industry.cloud\/wp-content\/uploads\/2018\/10\/IoT4IndustryEN_meccanica-di-precisione-300x64.jpg 300w\" sizes=\"auto, (max-width: 588px) 100vw, 588px\" \/>\t\t\t\t\t\t\t\t\t\t\t<\/div>\n\t\t\t\t\t<div class=\"sow-image-grid-image\">\n\t\t\t\t\t\t\t\t\t\t\t\t<img loading=\"lazy\" decoding=\"async\" width=\"588\" height=\"125\" src=\"https:\/\/www.iot4industry.cloud\/wp-content\/uploads\/2018\/10\/IoT4IndustryEN_settore_costruzione-macchine.jpg\" class=\"sow-image-grid-image_html\" alt=\"\" title=\"Machine constraction\" srcset=\"https:\/\/www.iot4industry.cloud\/wp-content\/uploads\/2018\/10\/IoT4IndustryEN_settore_costruzione-macchine.jpg 588w, https:\/\/www.iot4industry.cloud\/wp-content\/uploads\/2018\/10\/IoT4IndustryEN_settore_costruzione-macchine-300x64.jpg 300w\" sizes=\"auto, (max-width: 588px) 100vw, 588px\" \/>\t\t\t\t\t\t\t\t\t\t\t<\/div>\n\t\t\t<\/div>\n<\/div><\/div><\/div><\/div><div id=\"pg-68-2\"  class=\"panel-grid panel-no-style\" ><div id=\"pgc-68-2-0\"  class=\"panel-grid-cell\" ><div id=\"panel-68-2-0-0\" class=\"so-panel widget widget_sow-editor panel-first-child\" data-index=\"3\" ><div\n\t\t\t\n\t\t\tclass=\"so-widget-sow-editor so-widget-sow-editor-base\"\n\t\t\t\n\t\t>\n<div class=\"siteorigin-widget-tinymce textwidget\">\n\t<h4 style=\"text-align: center;\">Case history<\/h4>\n<\/div>\n<\/div><\/div><div id=\"panel-68-2-0-1\" class=\"so-panel widget widget_sow-post-carousel panel-last-child\" data-index=\"4\" ><div\n\t\t\t\n\t\t\tclass=\"so-widget-sow-post-carousel so-widget-sow-post-carousel-base-ad93eedad001-68\"\n\t\t\t\n\t\t>\t<div\n\t\tclass=\"sow-post-carousel-wrapper sow-post-carousel-theme-base\"\n\t\tstyle=\"overflow: hidden; max-width: 100%; min-height: 182px\"\n\t>\n\t\t<div class=\"sow-carousel-title\">\n\t\t\t<div class=\"sow-carousel-navigation \">\n\t\t\t\t\t\t<a href=\"#\" class=\"sow-carousel-next\" title=\"Next\" aria-label=\"Next Posts\" role=\"button\"><\/a>\n\t\t\t\t\t\t<a href=\"#\" class=\"sow-carousel-previous\" title=\"Previous\" aria-label=\"Previous Posts\" role=\"button\"><\/a>\n\t\t\t\t\t<\/div>\n\t<\/div>\n\n<div class=\"sow-carousel-container \">\n\t\t<div class=\"sow-carousel-wrapper\"\n\t\tdata-dir=\"ltr\"\n\t\tstyle=\"opacity: 0;\"\n\t\tdata-widget=\"post\" data-fetching=\"false\" data-page=\"1\" data-ajax-url=\"https:\/\/www.iot4industry.cloud\/wp-admin\/admin-ajax.php?_widgets_nonce=9505e489cc\" data-item_count=\"2\" data-carousel_settings=\"{&quot;loop&quot;:true,&quot;animation&quot;:&quot;Ease&quot;,&quot;animation_speed&quot;:400,&quot;autoplay&quot;:&quot;&quot;,&quot;pauseOnHover&quot;:&quot;&quot;,&quot;autoplaySpeed&quot;:8000,&quot;item_overflow&quot;:true,&quot;autoplay_continuous_scroll&quot;:false}\" data-responsive=\"{&quot;desktop_slides_to_scroll&quot;:1,&quot;tablet_landscape_breakpoint&quot;:1366,&quot;tablet_landscape_slides_to_scroll&quot;:2,&quot;tablet_portrait_breakpoint&quot;:1025,&quot;tablet_portrait_slides_to_scroll&quot;:2,&quot;mobile_breakpoint&quot;:480,&quot;mobile_slides_to_scroll&quot;:1}\" data-variable_width=\"true\" \t>\n\t\t<div\n\t\t\tclass=\"sow-carousel-items\"\n\t\t\t\t\t>\n\t\t\t\t<div class=\"sow-carousel-item\" tabindex=\"-1\" style=\"float: left;\">\n\t\t<div class=\"sow-carousel-thumbnail\">\n\t\t\t\t\t\t\t<a\n\t\t\t\t\thref=\"https:\/\/www.iot4industry.cloud\/index.php\/en\/i4-0-efficiency\/\"\n\t\t\t\t\tclass=\"sow-carousel-default-thumbnail\"\n\t\t\t\t\t\t\t\t\t\tstyle=\"background-image: url(https:\/\/www.iot4industry.cloud\/wp-content\/uploads\/2018\/10\/AECSoluzioni_IoT4Industry03-272x182.jpg)\"\t\t\t\t\taria-labelledby=\"sow-carousel-id-723\"\n\t\t\t\t\ttabindex=\"-1\"\n\t\t\t\t>\n\t\t\t\t\t<span class=\"overlay\"><\/span>\n\t\t\t\t<\/a>\n\t\t\t\t\t<\/div>\n\t\t<h3 class=\"sow-carousel-item-title\">\n\t\t\t<a\n\t\t\t\thref=\"https:\/\/www.iot4industry.cloud\/index.php\/en\/i4-0-efficiency\/\"\n\t\t\t\tid=\"sow-carousel-id-723\"\n\t\t\t\t\t\t\t\ttabindex=\"-1\"\n\t\t\t>\n\n\t\t\t\tI4.0: efficiency\t\t\t<\/a>\n\t\t<\/h3>\n\t<\/div>\n\t\t<div class=\"sow-carousel-item\" tabindex=\"-1\" style=\"float: left;\">\n\t\t<div class=\"sow-carousel-thumbnail\">\n\t\t\t\t\t\t\t<a\n\t\t\t\t\thref=\"https:\/\/www.iot4industry.cloud\/index.php\/en\/i4-0-monitoring\/\"\n\t\t\t\t\tclass=\"sow-carousel-default-thumbnail\"\n\t\t\t\t\t\t\t\t\t\tstyle=\"background-image: url(https:\/\/www.iot4industry.cloud\/wp-content\/uploads\/2018\/10\/AECSoluzioni_IoT4Industry03-272x182.jpg)\"\t\t\t\t\taria-labelledby=\"sow-carousel-id-721\"\n\t\t\t\t\ttabindex=\"-1\"\n\t\t\t\t>\n\t\t\t\t\t<span class=\"overlay\"><\/span>\n\t\t\t\t<\/a>\n\t\t\t\t\t<\/div>\n\t\t<h3 class=\"sow-carousel-item-title\">\n\t\t\t<a\n\t\t\t\thref=\"https:\/\/www.iot4industry.cloud\/index.php\/en\/i4-0-monitoring\/\"\n\t\t\t\tid=\"sow-carousel-id-721\"\n\t\t\t\t\t\t\t\ttabindex=\"-1\"\n\t\t\t>\n\n\t\t\t\tI4.0: monitoring\t\t\t<\/a>\n\t\t<\/h3>\n\t<\/div>\n\t\t\t<\/div>\n\t\t\t<\/div>\n\n\t<\/div>\n\t\t<input type=\"hidden\" name=\"instance_hash\" value=\"d3561e0e\"\/>\n\t<\/div>\n<\/div><\/div><\/div><\/div><\/div>","protected":false},"excerpt":{"rendered":"<p>24\/7 remote monitoring A complete and immediate overview of manufacturing processes \u00c8 risaputo che per essere competitivi \u00e8 fondamentale &#8220;conoscere&#8221; i propri processi. Questo consente di ottimizzare i flussi operativi, individuare e, ove possibile, eliminare gli sprechi. Pertanto acquisire le informazioni \u00e8 solamente met\u00e0 del problema: per poter conoscere \u00e8 &hellip;<\/p>\n","protected":false},"author":1,"featured_media":0,"parent":0,"menu_order":0,"comment_status":"closed","ping_status":"closed","template":"","meta":{"footnotes":""},"class_list":["post-68","page","type-page","status-publish","hentry"],"aioseo_notices":[],"_links":{"self":[{"href":"https:\/\/www.iot4industry.cloud\/index.php\/wp-json\/wp\/v2\/pages\/68","targetHints":{"allow":["GET"]}}],"collection":[{"href":"https:\/\/www.iot4industry.cloud\/index.php\/wp-json\/wp\/v2\/pages"}],"about":[{"href":"https:\/\/www.iot4industry.cloud\/index.php\/wp-json\/wp\/v2\/types\/page"}],"author":[{"embeddable":true,"href":"https:\/\/www.iot4industry.cloud\/index.php\/wp-json\/wp\/v2\/users\/1"}],"replies":[{"embeddable":true,"href":"https:\/\/www.iot4industry.cloud\/index.php\/wp-json\/wp\/v2\/comments?post=68"}],"version-history":[{"count":9,"href":"https:\/\/www.iot4industry.cloud\/index.php\/wp-json\/wp\/v2\/pages\/68\/revisions"}],"predecessor-version":[{"id":913,"href":"https:\/\/www.iot4industry.cloud\/index.php\/wp-json\/wp\/v2\/pages\/68\/revisions\/913"}],"wp:attachment":[{"href":"https:\/\/www.iot4industry.cloud\/index.php\/wp-json\/wp\/v2\/media?parent=68"}],"curies":[{"name":"wp","href":"https:\/\/api.w.org\/{rel}","templated":true}]}}